ose l = 2*s - 13 - 5. List the prime factors of s.
3
Let b = 5 + -9. List the prime factors of (-134)/b + (-4)/8.
3, 11
Let s be 2/6 - 14/(-3). Let p(g) = -g - 2. Let i be p(-2). List the prime factors of i - -1*(s - 3).
2
Suppose -4 - 5 = -3*a. List the prime factors of -12*1*a/(-9).
2
What are the prime factors of (2 - (-1 + -2)) + -2 - -146?
149
Suppose -3*x = 205 - 811. List the prime factors of x.
2, 101
Let j(o) = -o**3 + 2*o**2 - o + 2. Let c be j(2). Let x be (c - -4)*1/2. Suppose -17 = 5*z - x, 3*t = z + 27. What are the prime factors of t?
2
Let t(j) be the first derivative of -j**4/4 - j**3/3 - j**2/2 + j + 6. List the prime factors of t(-2).
7
Let y be 8/3*(-45)/6. Let f = 24 + -33. Let g = f - y. What are the prime factors of g?
11
Let p(o) = -o**2 - 12*o + 3. Let h be p(-12). Suppose 38 + 25 = h*a. What are the prime factors of 216/21 + (-6)/a?
2, 5
Suppose -189 = -26*k + 23*k. List the prime factors of k.
3, 7
Suppose 4*i - 1116 = -5*i. What are the prime factors of i?
2, 31
Let y(k) = -k**3 - k**2 - 2. Let d be y(-2). Suppose -5 = -d*c + 5. Suppose 0 = f + c*t + 15, 11 = -2*f + 4*t + 51. List the prime factors of f.
2, 5
Let t = 24 - 13. Suppose 0*x - t = -x. What are the prime factors of x?
11
Let y(h) = h + 7. Let d be y(-7). What are the prime factors of d - (3 + 24/(-4))?
3
Let f = 43 - 29. Suppose -3 - f = -x. List the prime factors of x.
17
Let w(o) = o**3 + 2*o**2 - o. Let d be w(1). Suppose 3*n = -d*n + 235. List the prime factors of n.
47
Suppose j - 7 = 27. List the prime factors of j.
2, 17
Let n = 66 - 29. Let p = -10 + n. Suppose -3*t = -0*w - w + 11, -p = -3*w + 3*t. List the prime factors of w.
2
Suppose -d - p + 51 = 0, -2*d = -0*d + 3*p - 101. List the prime factors of d.
2, 13
Suppose 1 = -3*r + 16. Suppose -r*d + 12 = -13. Suppose -3 = -a + d. List the prime factors of a.
2
Suppose -3*j + 145 = -0*b + 2*b, 4*j + 2*b = 194. List the prime factors of j.
7
Let z(y) = -y**2 + 6*y - 4. Let t be z(6). What are the prime factors of (15/(-12) + -2)*t?
13
Suppose -3*o = -4*w - 2, 5*w + 4 + 2 = 2*o. Let a = 5 + w. Suppose -a*r = 1 - 19. What are the prime factors of r?
2, 3
Let n = 14 + -9. Suppose -52 = -2*y + 4*i, 5*i + n = -0. List the prime factors of y.
2, 3
Let v(b) = b - 7. Let i be v(-6). Let m = i + 24. What are the prime factors of m?
11
Let g be 40/18 - 6/27. Let l be 3*g/2 + -7. Let f(h) = -3*h + 4. List the prime factors of f(l).
2
Let x be -2 + 4 - (-4 + 10). List the prime factors of x + 3/3 + 35.
2
Suppose s = -4*s. Suppose 5*p + 0*p = 0. List the prime factors of -1 + (s - p) - -8.
7
Let l(z) = 4*z**2 - 3 + 2 + 0 - 11*z + 13*z. What are the prime factors of l(-2)?
11
Suppose o + 0*o = 0. Suppose 33 = 2*f + t, -t - 21 = -f - o. Suppose 2*i + i = f. List the prime factors of i.
2, 3
What are the prime factors of 8/(-60)*-5*159?
2, 53
Suppose -2 = 2*n - 0*n. Let p = n - 1. What are the prime factors of p*(-1 + 18/(-4))?
11
Suppose 2*d - 255 = -57. What are the prime factors of d?
3, 11
Let i be (-7)/1*(-2)/14. Let z = i + 12. List the prime factors of z.
13
What are the prime factors of 2/(-11) - (-1425)/33?
43
Let w be (-17*12/(-2))/2. Suppose -4*g + w = s, 5*s + 0*g = 3*g + 140. List the prime factors of s.
31
Let g(f) = 6*f + 90. List the prime factors of g(28).
2, 3, 43
Suppose 61 = 2*t - 87. What are the prime factors of t?
2, 37
Let t(p) = 2*p**2 + p + 3. What are the prime factors of t(3)?
2, 3
Suppose 2*f = -d + 139, d - 6*f = -f + 174. List the prime factors of d.
149
Let f be 4/(-10) + 96/15. Suppose -2 = 2*i - f, 4 = 2*b + i. Suppose -9 = -z - b. What are the prime factors of z?
2
Let f = -6 + -5. Let x = -8 - f. What are the prime factors of x - (1 - 3) - 2?
3
Let p be 5/(-10)*8/(-1). Let n = p - 1. List the prime factors of n.
3
Suppose 5*v - 42 = -3*s, -3*s + 87 = -4*v + 18. Suppose 2*q = -5*u + s, 7 = -q + 2*u + u. Let m = 9 + q. What are the prime factors of m?
11
Suppose -5*b + 13 = 3. Let k be 38/14 + b/7. Suppose k*w = -4 + 19. List the prime factors of w.
5
Suppose 88 = 3*g - 5*q - 84, -2*g = -5*q - 118. List the prime factors of g.
2, 3
Let j(z) be the first derivative of 1/3*z**3 - 6*z - 1 - 2*z**2. List the prime factors of j(6).
2, 3
Let k = 137 - 25. List the prime factors of k.
2, 7
List the prime factors of 108/2 + (8 - 4).
2, 29
Suppose 0 = 3*o - 15, 80 = 3*j + 2*j - 3*o. List the prime factors of j.
19
Let f(h) = h**2 - 12*h + 1. Let v be f(12). Let l(c) = 21*c - 1. What are the prime factors of l(v)?
2, 5
Let a(w) = -w**3 - 6*w**2 - 8*w + 2. List the prime factors of a(-4).
2
List the prime factors of (-1)/(-5)*(23 - -1392).
283
Let j(o) = -o - 4. Let n be j(-3). Let k(b) = -8*b - 1. What are the prime factors of k(n)?
7
Let i(f) = 5*f - 1 - 2 + 0. Let p(r) = -r + 14. Let q be p(12). What are the prime factors of i(q)?
7
Let x(o) = 3*o**3 - 5*o**2 + 4*o - 3. Suppose 3*a - 5*a = -6. List the prime factors of x(a).
3, 5
Let k = -5 + 5. Suppose 3*c - 4*s + 8 = 0, -c + s - 1 = -k*s. Suppose 0 = -c*o + 9 + 3. List the prime factors of o.
3
Suppose -8 = 2*s - 4*s. Suppose 192 + 68 = s*i. Suppose -5*x + 20 = 5*t, 2*x - i = -3*x + 4*t. List the prime factors of x.
3
Suppose -18 = -0*t - 3*t. Suppose p - t = -2*p. List the prime factors of p.
2
Let s = -663 + 963. What are the prime factors of s?
2, 3, 5
Suppose 3*p - 11 = -d, 3*p + 2*d - 7 = -0*d. Suppose t = -p*g + 60, -g - t + 12 = -0. What are the prime factors of (8/8)/(2/g)?
2, 3
Let g(w) = w**2 + 241. List the prime factors of g(0).
241
Let q be (-6)/10 + (-7)/5. What are the prime factors of (-205)/(-10) + q/(-4)?
3, 7
Let a(c) = -c**2 + c + 14. Let d(g) = g**2 - 4*g - 5. Let j be d(5). What are the prime factors of a(j)?
2, 7
Let b(u) = -3*u - 6 - 1 + 3. List the prime factors of b(-4).
2
Suppose 70 = 3*q + 5*d - 135, -2*q - d + 125 = 0. Suppose -q + 5 = -5*c. What are the prime factors of c?
11
Suppose -12*b + 1110 = -2*b. What are the prime factors of b?
3, 37
Let w(q) = -q + 34. What are the prime factors of w(15)?
19
Let t = -29 - 63. Let g = t - -157. Suppose -3*a + 0*a = -4*q + g, -q = 3*a - 5. List the prime factors of q.
2, 7
Let r be 4/(-4) - (-14 + 1). Suppose 4*h = 5*h - r. List the prime factors of h.
2, 3
What are the prime factors of 2*7/((-14)/(-80))?
2, 5
Let k(w) = -11*w - 2. Let o be k(-2). Suppose 3*g - 5*g = -o. Let h = -6 + g. What are the prime factors of h?
2
Let g(m) = m**3 - 8*m**2 + m + 1. Let d be (-4*(-1 - -3))/(-2). Suppose 57 = d*t + 5*j, 9*t - 4*t - 20 = 4*j. What are the prime factors of g(t)?
3
Let t be (-1 - -181)*(-3)/(-6). Let q = t - 53. What are the prime factors of q?
37
Let f(c) = c + 14. Let h be f(-6). Suppose h - 68 = -3*z - 3*m, -2*m + 59 = 3*z. What are the prime factors of z?
19
Let b = -4 + 0. Let f be b/10*(-1 + -9). List the prime factors of f/(-2*1) + 9.
7
Let b(h) = -h**3 + 10*h**2 + 14*h + 3. Let t be b(11). Suppose t = 5*i - 9. What are the prime factors of i?
3
Suppose -3*n = 4*k + 2*n - 128, 5*n - 74 = -2*k. Let a be 2 + -1 - -1*2. Suppose -a*w - 3*i = w - k, -5*i = -5. What are the prime factors of w?
2, 3
Suppose q + 6*y = 3*y + 45, 3*q = y + 165. Let x = q - 10. Let p = x - 26. What are the prime factors of p?
2, 3
Suppose 0 = -4*o + 8. Suppose k = o*y - 35, 4*k + k + 90 = 5*y. List the prime factors of y.
17
Suppose k = 3, 0*s - 4*k = -4*s + 540. List the prime factors of s.
2, 3, 23
Let z be (2 - (3 - 0)) + 1. Suppose u + 3*p - 11 = z, -5*p + p + 3 = -u. List the prime factors of u.
5
Suppose f - 3*x - 32 = 2*f, 5*f + 160 = 4*x. List the prime factors of (0 + -1)/(2/f).
2
Let q(n) = 2*n**2 - 4*n - 3. What are the prime factors of q(-3)?
3
Suppose -n + 240 = 5*c, 2*c - 5*c = 5*n - 166. What are the prime factors of c?
47
Let m be 0 + (-7)/(7/(-24)). Suppose 0 = -2*p + 18 + m. What are the prime factors of p/4 + 5/(-20)?
5
Let f be (-2718)/135 - 4/(-30). List the prime factors of ((-118)/(-4))/((-10)/f).
59
Let z be ((-1)/(-3))/(9/54). Let u = 6 - z. What are the prime factors of u?
2
Let s = -22 + 24. What are the prime factors of s?
2
Suppose 2*t = 7*t - 1600. List the prime factors of t.
2, 5
Suppose m = u - 45, 3*u + 0*u - 151 = -5*m. What are the prime factors of u?
47
Let g be (-1 - -1) + -2 + -9. Let s = -9 - g. Suppose 1 = -w + k - 1, 0 = w + s*k - 10. Wha